 - 7*d - 9. Give f(-9).
-27
Let f(h) = h + 7. Calculate f(-14).
-7
Let i(a) = -2*a**2 - 23*a - 26. What is i(-10)?
4
Let m(k) = -16*k + 148. Determine m(9).
4
Let d(i) = 4*i + 8. Determine d(-4).
-8
Let x(t) = -t**3 - 17*t**2 - 27*t + 4. Calculate x(-15).
-41
Let l(c) = 12*c + 15. What is l(-7)?
-69
Let n(y) = 23*y**2 + y - 2. What is n(1)?
22
Let w(h) = h**3 + h + 1. Determine w(2).
11
Let h(b) = -2*b**2 - 23*b - 21. Determine h(-10).
9
Let d(m) = -15*m**3 + m**2. Calculate d(1).
-14
Let x(f) = -f**2 + 23*f + 22. Calculate x(24).
-2
Let n(p) = -p**3 - 2*p**2 + 8*p + 13. Determine n(-3).
-2
Let c(q) = 11*q - 62. Determine c(6).
4
Let c(u) = -u + 17. What is c(0)?
17
Let c(b) = 11*b + 231. What is c(-22)?
-11
Let t(k) = 8*k - 17. Calculate t(3).
7
Let x(f) = f**2 + 10*f - 7. Determine x(-11).
4
Let c(k) = k**2 - 25*k + 68. Determine c(22).
2
Let i(b) = b**2 - 10*b + 15. Give i(7).
-6
Let j(a) = -a**3 - a**2 - a + 9. Give j(3).
-30
Let l(s) = -6*s + 3. What is l(-4)?
27
Let h(g) = -g**2 - 3*g + 9. Determine h(-5).
-1
Let k(m) = 18*m**3 + 2*m**2 - 1. Calculate k(1).
19
Let y(f) = -9*f + 4. Determine y(-4).
40
Let s(y) = y**3 - 14*y**2 - 17*y + 17. Determine s(15).
-13
Let h(a) = a**3 + 8*a**2 + 2*a + 9. Give h(-8).
-7
Let l(n) = 6*n - 10. Calculate l(-3).
-28
Let l(d) = -d**3 + 25*d**2 + 28*d - 49. Give l(26).
3
Let b(q) = -2*q**2 - 7*q - 5. Give b(-2).
1
Let r(f) = f**2 + 32*f - 52. Calculate r(-34).
16
Let i(k) = k**3 + 4*k**2 - 8*k - 3. Give i(-5).
12
Let w(a) = -a**2 + 20*a - 115. Determine w(14).
-31
Let j(s) = -s**3 - 5*s**2 + 9*s + 12. Give j(-6).
-6
Let m(u) = 2*u - 10. Determine m(3).
-4
Let n(o) = 8*o - 4. Give n(3).
20
Let d(b) = -b**3 + 11*b**2 + 15*b - 22. Determine d(12).
14
Let a(f) = 3*f**2 - 8*f - 14. Calculate a(3).
-11
Let v(j) = 8*j + 5. What is v(-7)?
-51
Let m(c) = -15*c - 59. Give m(-4).
1
Let y(n) = n**2 - n - 9. Give y(-2).
-3
Let m(y) = y**2 + 5*y - 3. Calculate m(-6).
3
Let r(k) = k**2 + 18*k + 40. Determine r(-20).
80
Let t(o) = 2*o**2 + 14*o + 6. Determine t(-5).
-14
Let h(p) = -p**3 + 6*p**2 + 6*p - 6. Determine h(6).
30
Let r(w) = w**3 - 11*w**2 - 8*w + 5. What is r(12)?
53
Let h(g) = -11*g**2 + 9*g - 7. Give h(1).
-9
Let c(k) = -k**3 + 3*k**2 + k + 4. Calculate c(3).
7
Let d(j) = -j**3 + j**2 + 2*j + 4. Give d(3).
-8
Let x(t) = t**3 + 35*t**2 - 10*t - 356. Determine x(-35).
-6
Let s(m) = -9*m - 64. Give s(-7).
-1
Let m(g) = 57*g + 1. Determine m(-1).
-56
Let y(s) = 2*s**2 - 25*s + 31. What is y(11)?
-2
Let j(v) = -23*v**3 - v**2 + v. Calculate j(1).
-23
Let h(j) = -j**3 + j**2 + 2*j + 4. What is h(0)?
4
Let v(f) = -51*f + 1078. What is v(21)?
7
Let j(b) = -b**3 + 20*b**2 + 2*b - 34. What is j(20)?
6
Let f(v) = -3*v + 10. Calculate f(4).
-2
Let z(k) = k**3 + 2*k**2 + k - 2. Calculate z(1).
2
Let m(b) = b**3 - 8*b**2 - 3*b + 15. Calculate m(8).
-9
Let p(a) = -a**3 - 8*a**2 - 8*a + 9. What is p(-6)?
-15
Let n(g) = g**3 - 10*g**2 + 7*g + 8. Determine n(9).
-10
Let s(j) = 13*j + 2. Determine s(3).
41
Let a(f) = -f**3 + 4*f**2 - 23*f + 206. Calculate a(6).
-4
Let r(g) = -10*g - 29. Give r(-6).
31
Let v(g) = -g**2 - 22*g - 19. What is v(-9)?
98
Let k(h) = -52*h - 304. Calculate k(-6).
8
Let s(g) = g**2 + 16*g. What is s(-13)?
-39
Let a(l) = 5*l. Calculate a(-1).
-5
Let o(m) = 3*m**3 - 4*m**2 - 2*m + 2. Give o(3).
41
Let v(z) = -z**3 + 7*z**2 + 7*z + 12. Determine v(8).
4
Let x(g) = 30*g + 192. What is x(-6)?
12
Let c(g) = -7*g - 45. What is c(-6)?
-3
Let i(x) = -x**3 + x**2 + 10. Calculate i(3).
-8
Let g(z) = -z**2. Calculate g(8).
-64
Let t(r) = -5*r + 73. Give t(15).
-2
Let f(q) = q**3 + 4*q**2 - 6*q - 4. Calculate f(-5).
1
Let o(a) = a**3 - 5*a**2 - a - 2. Calculate o(3).
-23
Let m(n) = n**3 - 24*n**2 + 43*n + 2. Give m(22).
-20
Let i(r) = -r**2 + 9*r - 14. Calculate i(6).
4
Let c(s) = s - 4. Calculate c(0).
-4
Let w(q) = -q**2 - 24*q + 22. Give w(-25).
-3
Let g(a) = a**2 - 9*a + 8. Calculate g(8).
0
Let t(s) = 5*s - 21. What is t(7)?
14
Let l(g) = -15*g**3 + 13*g**2 - 3*g + 2. Calculate l(1).
-3
Let v(k) = -k**2 + 4*k - 6. Determine v(3).
-3
Let n(o) = -o**2 - 9*o + 29. Calculate n(-11).
7
Let v(b) = -b + 13. What is v(19)?
-6
Let k(o) = -19*o - 99. What is k(-5)?
-4
Let u(o) = -4*o - 8. Calculate u(-5).
12
Let s(t) = 3*t**3 + 34*t**2 + 9*t - 22. Determine s(-11).
0
Let n(j) = j**3 - 5*j**2 + 4*j + 1. Determine n(4).
1
Let q(r) = -17*r**2 - r - 1. What is q(-1)?
-17
Let i(x) = x**3 + 8*x**2 + 9*x + 5. Calculate i(-6).
23
Let p(b) = -16*b - 491. Give p(-30).
-11
Let n(q) = -q + 14. What is n(5)?
9
Let x(u) = 42*u + 255. Give x(-6).
3
Let k(c) = -c**2 - 13*c - 10. Calculate k(-12).
2
Let b(p) = -81*p**2 + 5*p - 3. Calculate b(1).
-79
Let t(x) = -13*x**3 + x. Determine t(-1).
12
Let x(c) = c**2 - 6*c - 1. Determine x(3).
-10
Let d(o) = o**3 - 4*o**2 + o - 6. Give d(4).
-2
Let j(h) = -h + 8. What is j(6)?
2
Let p(r) = 31*r - 219. What is p(7)?
-2
Let p(g) = g**2 + 4*g - 20. What is p(-7)?
1
Let c(t) = -t**3 + 2*t**2 + 8*t - 13. Calculate c(4).
-13
Let g(x) = 8*x - 121. Determine g(16).
7
Let n(c) = 19*c + 4. Determine n(0).
4
Let t(w) = w**3 - 5*w**2 + 5*w - 6. Determine t(5).
19
Let t(l) = -l**3 + l + 4. Give t(3).
-20
Let k(t) = 9*t**3 + 7*t**2 - 3*t - 15. What is k(-3)?
-186
Let i(v) = -5*v - 34. What is i(-25)?
91
Let s(u) = -35*u - 68. Give s(-2).
2
Let n(p) = -2*p - 13. Calculate n(-8).
3
Let t(a) = a**3 - 8*a**2 - 6*a - 3. Calculate t(9).
24
Let t(q) = -5*q**2 + 10*q - 9. Calculate t(1).
-4
Let k(y) = y**3 - 4*y**2 - 2*y + 4. What is k(3)?
-11
Let r(b) = -4*b + 6. Determine r(5).
-14
Let g(t) = -t**3 + 4*t**2 + 60*t + 8. Give g(-6).
8
Let h(p) = 2*p**2 - 10*p + 2. Give h(4).
-6
Let p(r) = -r**3 - r**2 - 26. What is p(0)?
-26
Let z(g) = -g**3 - 25*g**2 - 111*g + 6. Determine z(-6).
-12
Let i(u) = -3*u**2 - 11*u - 9. Determine i(-4).
-13
Let j(a) = -5*a**2 - 38*a - 45. Calculate j(-6).
3
Let b(g) = g**2 + 20*g - 37. What is b(-22)?
7
Let z(o) = o - 1. Determine z(6).
5
Let f(t) = -t**3 - 3*t**2 + 5*t + 10. Calculate f(-4).
6
Let r(j) = -2*j**3 - 3*j**2 - 2*j + 2. Give r(3).
-85
Let f(q) = -q + 30. Give f(6).
24
Let f(k) = -84*k + 173. What is f(2)?
5
Let l(a) = a**3 + 5*a**2 + a - 11. Determine l(-4).
1
Let z(l) = -l**2 + 16*l + 17. Calculate z(17).
0
Let b(o) = -2*o - 78. Determine b(-39).
0
Let t(w) = 3*w. Calculate t(0).
0
Let c(l) = l**2 + l - 5. What is c(-6)?
25
Let n(l) = -l**2 + 17*l - 32. Calculate n(13).
20
Let q(l) = -l**3 - 9*l**2 + 13*l - 3. Calculate q(-10).
-33
Let d(s) = 89*s - 177. Determine d(2).
1
Let w(z) = -2*z + 32. Calculate w(-7).
46
Let i(u) = -5*u**3 + 20*u**2 + 45*u - 2. Determine i(-2).
28
Let j(l) = -3*l**2 - 36*l - 12. Determine j(-12).
-12
Let n(o) = 8*o + 16. Calculate n(-3).
-8
Let f(v) = -v**3 + 6*v**2 - 5*v + 18. What is f(4)?
30
Let c(h) = h - 24. Give c(10).
-14
Let y(u) = -u**3 - 10*u**2 + 26*u + 10. Calculate y(-12).
-14
Let n(z) = -3*z**3 - 3*z**2 + z + 3. Calculate n(3).
-102
Let v(z) = -z - 4. Give v(-8).
4
Let i(r) = r**2 - 11*r + 33. Give i(6).
3
Let o(p) = p**3 - 38*p**2 + p - 58. Calculate o(38).
-20
Let x(b) = 3*b**2 - 24*b + 30. Calculate x(7).
9
Let w(b) = 57*b - 630. Determine w(11).
-3
Let j(c) = c**3 + c**2 - 12*c - 6. Determine j(3).
-6
Let r(u) = -u**2 - 25*u - 30. What is r(-25)?
-30
Let z(w) = 2*w**2 - 20*w + 21. Give z(8).
-11
Let p(k) = -17*k + 34. Determine p(7).
-85
Let q(r) = r**2 + 10*r + 18. Calculate q(-9).
9
Let w(z) = -2*z**3 + 2*z**2 + z + 2. Determine w(-2).
24
Let m(v) = -4*v - 35. What is m(-9)?
1
Let p(j) = -2*j + 23. Determine p(8).
7
Let c(u) = -4*u - 22. Determine c(-5).
-2
Let l(u) = 23*u - 71. What is l(3)?
-2
Let i(g) = -g**3 + 11*g**2 + g + 5. Determine i(11).
16
Let a(q) = q**3 - 3*q**2 + q + 4. Calculate a(4).
24
Let h(t) = 100*t + 496. Calculate h(-5).
-4
Let q(k) = -k + 16. Give q(-8).
24
Let j(t) = t**3 - 15*t**2 + 12*t + 28. Give j(14).
0
Let c(f) = -20*f. Give c(-3).
60
Let v(w) = -2*w**2 + 85*w - 123. Calculate v(41).
0
Let y(j) = 2*j**2 + 16*j - 7. What is y(-8)?
-7
Let n(g) = g**2 - 49*g - 214. What is n(53)?
-2
Let p(i) = i**2 + 17*i - 130. Calculate p(6).
8
Let p(r) = -r**3 - 5*r**2 - 5*r + 1. What is p(-4)?
5
Let y(j) = -4*j + 9. Calculate y(3).
-3
Let t(f) = 9*f**2 - 2*f + 1. Determine t(1).
8
Let n(y) = -2*y**3 - 27*y**2